- 119 = -f. Calculate the highest common factor of 5 and l.
5
Let s(h) = -h**3 + 48*h**2 - 92*h + 15. Let d be s(46). What is the highest common divisor of 6 and d?
3
Let p(y) = 2*y + 8. Let a be p(-3). Suppose 3*o = -o - 4*m + 308, -417 = -5*o + 3*m. Suppose -o - 21 = -a*h. Calculate the greatest common factor of 17 and h.
17
Let a(l) be the second derivative of 17*l**3/6 - 5*l**2/2 - l. Let m be a(5). Let y = 1412 - 1402. What is the greatest common factor of m and y?
10
Let t = -106 + 154. Let c(d) = d + 14. Let b be c(-8). Calculate the greatest common factor of t and b.
6
Let x(j) = -14*j + 91. Let m be x(4). What is the highest common factor of 21 and m?
7
Let j(n) = 3*n**2 - 3*n - 4. Let x be j(3). Suppose 0 = h + 2 - 37. Calculate the greatest common divisor of x and h.
7
Let y(o) = -o**3 - 14*o**2 - 25*o - 8. Let k be y(-12). Calculate the greatest common factor of k and 8.
4
Suppose -r + 481 - 299 = 0. Calculate the greatest common divisor of r and 26.
26
Suppose -4*v - 20 = v. Let w be 12 - (v/(-1) + -2). Suppose 3*r - 12 = 0, -4*y = -4*r - 88 - 56. What is the greatest common factor of y and w?
10
Let t = 550 + -390. Calculate the highest common divisor of t and 64.
32
Suppose -348*x + 367*x - 304 = 0. Calculate the greatest common factor of 36 and x.
4
Suppose 0 = -5*k - 15, 4*l = -0*l + 2*k + 366. Suppose -2*z + 26 - l = 0. Let a be (z/(-20))/((-1)/(-15)). What is the highest common factor of a and 3?
3
Let r(o) = o**3 - o**2. Let j be r(0). Suppose 2*w = -j*w + 118. Suppose 56 = 3*s - 2*g, -5*g - 9 + w = 2*s. What is the greatest common factor of s and 80?
20
Let c = -16 - -34. Suppose -104 = -13*t + 247. What is the highest common divisor of t and c?
9
Suppose 7*u - 7520 = 1951. Calculate the greatest common factor of u and 123.
123
Let b = -1703 + 1865. What is the highest common divisor of b and 135?
27
Let z(t) = -t**3 - 6*t**2 - 17*t - 22. Let y be z(-8). Calculate the greatest common factor of 22 and y.
22
Let h(c) = -c + 13. Let j be h(9). Suppose -j*v + 0 + 8 = 0. Suppose -3*p = v*p - 260. What is the highest common divisor of p and 13?
13
Let j(a) = -2*a**3 - 8*a**2 + 36*a - 10. Let x be j(-9). What is the highest common divisor of 51 and x?
17
Suppose 36 = 14*f - 11*f. Let w(h) = 4*h - 2. Let c be w(4). Let l = c - f. What is the greatest common divisor of l and 4?
2
Let y be (4 - -16) + -1 + 3. Let t be (165/y)/(6/8). Calculate the highest common divisor of 5 and t.
5
Let w(y) = y**2 - y + 8. Let x be w(-9). Suppose -n = 3*m + 42, 0 = -2*n - n + 5*m - x. Let j = -4 - n. What is the highest common divisor of j and 4?
4
Let t be 18/(-12) - (-6)/(-4). Let c be (-182)/(-6) - t/(-9). Calculate the highest common divisor of 120 and c.
30
Let k = -944 + 968. Calculate the highest common divisor of 72 and k.
24
Let f(o) = -27*o - 4. Let w be f(-5). Let l = 62 - 88. Let x = l + w. Calculate the greatest common factor of 15 and x.
15
Let k(c) = -135*c - 9. Let o be k(-5). Calculate the highest common divisor of 18 and o.
18
Suppose -10 = -8*b + 13*b. Let u be (-80)/b - (3 - 7). Calculate the greatest common factor of u and 11.
11
Suppose 2*p = q - 62, 0*p = q - 5*p - 59. Suppose b + 19 - q = 5*k, -5*b - 9 = k. Let m be (51/k)/(3/(-9)). What is the highest common divisor of m and 85?
17
Let a(u) = -3*u - 39. Let r be a(-16). Let d be 3/((-2)/12*-2). Calculate the highest common factor of d and r.
9
Let h be 8/(-2) + 1 + 8. Suppose -2*x - 15 = -h*x. What is the greatest common divisor of x and 50?
5
Let i be 38/9 + 4/(-18). Let u be i - 0 - -1*4. Let q be 0 - (-2 - -3)/(-1). What is the greatest common factor of u and q?
1
Suppose x - 30 = -x. Let c be ((-54)/x)/(1/(-280)*6). Let i be (2 - 76/14)*-7. Calculate the highest common factor of i and c.
24
Suppose -4*g + 2*d - 3 = -3*d, 12 = -g + 5*d. Suppose s + 18 = g*s. What is the highest common divisor of 6 and s?
3
Suppose 4*b + 0*b = -24. Let r = 7 + -5. Let u be (-12 - 6)*r/b. Calculate the highest common factor of 12 and u.
6
Let g = -95 - -200. Calculate the highest common divisor of g and 21.
21
Let b(y) = -y**3 + 11*y**2 + 5*y - 102. Let s be b(10). Let q be (-3)/(18/(-8) - -2). Calculate the highest common divisor of q and s.
12
Suppose -c + 43 = -4*v, 13*c + 104 = 17*c + v. What is the greatest common factor of c and 135?
27
Let j(s) = 14*s - 18. Let x(h) = -h**2 + 9*h - 1. Let u be x(8). Let d be j(u). Calculate the highest common factor of 8 and d.
8
Suppose -36 = -3*o - 0. Suppose q = 8 + o. Let a = 10 - 6. What is the greatest common factor of q and a?
4
Let i(s) be the first derivative of s**3 - 3*s**2/2 + 35. Let f = 7 + 0. Let q be i(f). What is the greatest common factor of q and 18?
18
Suppose -3*i + 2 = -2*i. Let x(j) = 35*j**2 + 1 + j - 31*j**2 + 3 - 2*j. Let d be x(i). Calculate the greatest common factor of 72 and d.
18
Let y(s) = s**3 - 5*s**2 - 22*s + 155. Let h be y(7). Calculate the greatest common factor of h and 264.
33
Suppose 0 = 5*z + 4*y + 45, -4*z = -3*y - 1 + 37. Let n be z/15 + 398/5 + 1. Calculate the highest common divisor of 16 and n.
16
Suppose -10 = -2*n, 0*j - 3*j + 3*n + 75 = 0. Let r(k) = 9*k**2 + 2*k + 5. Let s be r(5). Calculate the greatest common divisor of s and j.
30
Let d(z) = 31*z - 44. Let g be d(4). Let i be (3 - 11) + 5 + g. What is the greatest common divisor of 11 and i?
11
Let y(w) = 20*w + 166. Let b be y(-8). Calculate the greatest common factor of b and 14.
2
Let y(l) = -4*l - 26. Let v be y(-8). Suppose -c - v*c = -63. What is the highest common factor of 1 and c?
1
Let s(p) be the first derivative of 14*p**2 - 4*p + 2. Let x be s(5). Suppose 0 = -0*y + 4*y - x. Calculate the highest common factor of 51 and y.
17
Let b be (-1)/((-2)/(-6)) - (-156 + -328). Calculate the greatest common factor of 13 and b.
13
Let z = 114 - 37. Let r(t) = -t - 3. Let g be r(-6). Suppose 3*k = m - 12 + 1, g*k = 0. What is the greatest common factor of m and z?
11
Suppose 2*f = f + 2. Suppose 2*x + 260 = -f*x. Let l = 0 - x. Calculate the greatest common factor of 26 and l.
13
Let f(p) = 2*p**2 - 12*p + 30. Let v be f(9). What is the greatest common divisor of v and 8?
4
Suppose 28*x - 362 = -2*q + 26*x, -4*q - 3*x = -728. What is the highest common factor of 5 and q?
5
Suppose 10*u + 12 = 32. Suppose 5*c + 0*r - 76 = r, 3*r = -5*c + 92. What is the highest common divisor of u and c?
2
Let r be (14 + -15)/(1/1). Let p be -3*4*r/6. Suppose q - 3 = -p*q. What is the greatest common factor of q and 1?
1
Suppose 8*q = 41*q - 4554. Calculate the highest common divisor of q and 621.
69
Let d = -207 - -147. Let w = d + 21. Let g = w + 109. Calculate the highest common divisor of 28 and g.
14
Let j(o) = o**3 - 11*o**2 - 184*o + 9. Let p be j(-9). What is the greatest common factor of p and 40?
5
Let t(l) = -22*l**3 - 2*l**2 - 4*l + 4. Let m be t(-2). What is the greatest common factor of 144 and m?
36
Let g be (((-297)/(-22))/(-9))/(1/(-32)). What is the highest common divisor of 112 and g?
16
Let o = -1019 - -1118. What is the highest common factor of 561 and o?
33
Let o(i) = i**2 - 6*i + 4. Let a = -104 + 192. Let k be (a/(-33))/((-1)/3). Let v be o(k). Calculate the highest common divisor of v and 10.
10
Let a(s) = s**3 + 7*s**2 - 4*s + 5. Let c be a(-8). Let w(j) = -4*j + 36. Let r be w(c). Calculate the highest common factor of r and 96.
48
Let l = 7 + 15. Suppose 11603 = -2*s - 5*p, 3*p = s + 4*s + 29023. Let i be (-2)/(-12) + s/(-24). What is the highest common factor of i and l?
22
Suppose -2*h - 2*h = 5*y + 176, 3*y - 176 = 4*h. Let q = 57 + h. What is the highest common divisor of 26 and q?
13
Suppose -6*g = 3*x - 2*g + 13, 5*x - 5*g = -80. Let o(c) = 2*c**2 + 21*c + 4. Let i be o(x). Calculate the highest common divisor of i and 195.
15
Suppose -19 = -4*l + 69. Suppose -l*q - 810 = -25*q. What is the greatest common divisor of q and 54?
54
Let v = 178 - 103. Let x(h) = 54*h - 29. Let c be x(1). What is the greatest common divisor of c and v?
25
Suppose -8 = -4*l - 4*b, 2*l - 3*b - 2 - 12 = 0. Suppose 0*h - s = 3*h - 76, -s - 92 = -l*h. Calculate the greatest common divisor of h and 48.
24
Let r = 56 + -8. Let d(v) = -v**2 + 13*v - 10. Let y(z) = z**2 - z + 7. Let h be y(0). Let m be d(h). What is the highest common divisor of m and r?